w = -168. Let j = i + -138. Calculate the highest common divisor of j and 126.
14
Let p be (-87)/(-203) + (-14902)/(-84) - (-7)/42. What is the greatest common divisor of p and 11926?
178
Suppose -p - 5*t + 4*t = -75213, 0 = 2*p - 5*t - 150391. Let v be 2*1/(-16) - p/(-64). Calculate the highest common factor of v and 25.
25
Let g = 8536 - 7510. Calculate the greatest common divisor of 486 and g.
54
Let m(a) = a**3 - 8*a**2 - 3*a - 4. Let o = -3 - -12. Let i be m(o). What is the greatest common factor of 200 and i?
50
Suppose 0 = 89*y - 35*y - 5076. Calculate the highest common factor of 1363 and y.
47
Suppose 0 = 25*j + 72*j - 7*j - 12960. Calculate the highest common divisor of j and 1872.
144
Let a be 1/((6/(-84))/((-7)/(-2))). Let x = a - -189. Let d be (-4)/6 - 186/(-9). Calculate the highest common factor of x and d.
20
Suppose 5*x - h = 9, 10*h = -5*x + 108 - 33. Let n = 1341 + -936. Calculate the greatest common factor of x and n.
3
Suppose 9*j - 297 = -0*j. Let r be (-1 - 60/24)*11*-2. Calculate the highest common divisor of j and r.
11
Let w be (-4)/2 + ((-1)/(-2))/(13/21710). What is the highest common factor of 196 and w?
49
Suppose -107*u = -5646 - 20355. What is the highest common factor of u and 9?
9
Let r(u) = 2*u**2 - 13*u - 1. Let i be r(5). Let d = 20 - i. Let v(m) = -m**2 + 8*m. Let x be v(6). What is the highest common factor of d and x?
12
Let q(f) = -f**3 + 12*f**2 + 10*f + 37. Let n be q(12). Suppose 15*o - 218 = n. What is the greatest common divisor of o and 25?
25
Let w = -4 - 24. Let q be (-7)/28 - 7091/w. Calculate the greatest common divisor of q and 23.
23
Let v(a) = a + 4. Let z be v(-4). Suppose z = 4*n - 5*n + 7. Suppose 10*k - 14 = -4*k. Calculate the highest common divisor of n and k.
1
Let k(r) = -2*r**2 - 81*r + 102. Let w be k(-42). Let u be ((-48)/w)/(3/15). Calculate the highest common factor of 5 and u.
5
Let w(i) = -47 + 21*i**2 - i**3 - 4*i**2 + 4*i + 17*i. Let x be w(18). What is the highest common factor of 203 and x?
7
Suppose 5*c = 4*s + 35, -3*s + 12 = 2*c - 5*s. Suppose c*j = 12*j - 9. Suppose j = n - 22. Calculate the highest common divisor of 279 and n.
31
Suppose 0 = 3*i - 2*i - 46. Let f be -2*(-1*(3 + -186) + -2). Let w = f - -454. Calculate the highest common factor of w and i.
46
Suppose -22 = -2*f - 0*f + 2*o, 3*o = 3. Suppose -4*p + f = -p. Suppose -2*v = -p - 0. Calculate the greatest common divisor of v and 18.
2
Let x = 531 - 517. Suppose 8*y - x = 6*y. Calculate the greatest common factor of 700 and y.
7
Let i(j) = -j**3 - 18*j**2 + 23*j - 21. Let w be i(-20). Let v = -224 + w. Calculate the highest common divisor of v and 57.
19
Let h(s) = s**2 - 50*s + 628. Let v be h(50). What is the greatest common factor of v and 1099?
157
Let b(z) = z + 17. Suppose -33 = 4*n + 15. Let c be b(n). Suppose f + 2*t = 15, f - 9 = t + 6. Calculate the greatest common divisor of f and c.
5
Let q(t) = -t**3 + 10*t**2 + 23*t - 32. Suppose -77*f = -97*f + 220. Let i be q(f). Calculate the highest common factor of i and 220.
20
Let k = 1263 + -892. Suppose 5*u + 4*c - 20 = u, 2*c = -3*u + 17. What is the highest common divisor of u and k?
7
Let b(r) = -56*r + 20. Let g be b(-14). Let m(h) = h**2 - 4*h - 2573. Let w be m(-49). Calculate the greatest common divisor of g and w.
12
Let q = 122 - 77. Suppose 0 = -22*g + 27*g - q. What is the highest common factor of g and 36?
9
Suppose -8*u - 7*u = -90. Suppose -40 - 50 = u*s. Let x be -837*2/(-8) + s/60. Calculate the greatest common factor of 19 and x.
19
Suppose -2*q + 250 = c + 194, q = -5*c + 46. Suppose 8 = -0*v + 4*v. Let f(r) = 7*r**3 - r**2. Let t be f(v). Calculate the highest common factor of q and t.
26
Let i be 96/2*(-7 + 8). Let y be (-390)/(-12) + 33/(-22). Let g = i - y. What is the greatest common divisor of 34 and g?
17
Let m(i) = -322*i - 7172. Let w be m(-26). What is the highest common factor of 132 and w?
12
Suppose -4*n - 300 = -24*n. Let a = n + 6. Suppose -24*b + a*b = -96. Calculate the highest common factor of b and 160.
32
Let d(z) = 3*z**3 - 253*z**2 - 138*z + 465. Let o be d(85). Calculate the highest common factor of 1225 and o.
245
Let r(z) = z**2 + 63*z + 537. Let n be r(-10). What is the greatest common factor of n and 1?
1
Let x be (-17)/(255/70)*-3. Suppose 3*b = 13*z - x*z + 62, -z + 20 = b. Calculate the highest common factor of 147 and b.
21
Suppose 5*u = y + 255323, -3*y - 258666 = -5*u - 3337. What is the highest common factor of 104 and u?
104
Let t = 100 - 105. Let v = 68 + t. Suppose -2*s = -71 + v. Calculate the greatest common factor of 4 and s.
4
Let m = 197 - 420. Let u = m + 228. What is the highest common divisor of u and 125?
5
Suppose j + 5 = 2*j. Let s(l) = 11*l**3 - l**2 + 2*l + 2. Let g be s(-1). Let i be (-177)/g + (-7)/(-28). Calculate the highest common factor of i and j.
5
Let g(d) = d**2 - 4*d - 385. Let z be g(-18). Suppose 0 = 7*l - 3*l - 12. What is the highest common factor of l and z?
1
Let p(k) = k**2 - 145*k - 711. Let m be p(150). What is the greatest common divisor of 17784 and m?
39
Let h(o) = -687*o + 3471. Let g be h(5). Suppose -4*q = -8, -171 = -5*d - 4*q - 28. What is the greatest common factor of g and d?
9
Suppose -29*i - 59 = -1. Let c be (13 - 11) + (11 - i). Calculate the highest common divisor of c and 660.
15
Let k = 61 + -61. Suppose -26*u - 17*u + 2365 = k. What is the greatest common divisor of u and 5?
5
Suppose -2*y = 6*s - 9*s - 2, -4*y + 26 = 5*s. Let j be 47 + -4 + s + 6 - -3. Suppose -360 = -9*v + 4*v. What is the highest common factor of j and v?
18
Let p(j) = -j**2 + 23*j + 17. Let z be p(23). Suppose -18*q + 7 = -z*q. Let i be (8/(-6))/((-2)/63). What is the highest common factor of i and q?
7
Let t be (30/(-4))/3*(-84)/105. Let k be t/(6/423) - (6 - 9). Suppose 4*x - 10 = -m, -m + 6*m = x + 92. What is the highest common divisor of m and k?
18
Suppose -3*k = -6*k + 150. Suppose -15 = -2*o - 3*h, 0*h = -h + 1. Suppose c - o*c - 15 = -2*y, -85 = -4*y - c. What is the greatest common factor of k and y?
10
Let f be (-15)/(-6)*(216/15 + -12) - -6. Let i = 4 + 5. What is the highest common factor of f and i?
3
Suppose 13 = 2*x + s + 242, -565 = 5*x + s. Let h be 2/(32/(-2166)) + (-42)/x. Let j be (54/h)/((-2)/65). What is the highest common factor of 143 and j?
13
Let z be (2/(32/56))/(8/48). Suppose -5*s - 2*p = -550, 49 = 4*s - 3*p - 414. What is the highest common factor of z and s?
7
Suppose i - 10 = -2. Let v be (-5)/(-4)*-10*i/(-20). Suppose -6 = -k + v. Calculate the highest common factor of k and 11.
11
Suppose 18 = b + 5*o - 171, 0 = -2*b + 3*o + 417. Let a = 38 - 26. What is the greatest common factor of a and b?
12
Suppose 3*q + 2*n = 11863, 2*q - n = 1618 + 6307. Calculate the greatest common divisor of q and 148.
37
Let n = -93 - -100. Suppose -n*f + 8 = h - 6*f, 4*f + 23 = h. Calculate the highest common divisor of h and 33.
11
Let g(o) = 3*o**2 + 8*o - 6. Let c be g(-6). Let q be ((-2)/3)/((-2)/c). Let f be 18*((-88)/24)/(-11). Calculate the highest common divisor of f and q.
6
Let d be 25/10 - 762/(-4). Let s = d - -38. Calculate the highest common divisor of s and 33.
33
Suppose m + 70 = 3*i, 7*m - 78 = -3*i + 4*m. Suppose -9*u + 195 = -453. What is the greatest common factor of i and u?
24
Let k(r) = -r**3 - 9*r**2 + 68*r - 31. Let m be k(-14). Let s be 5 + (-3 + m)/(-6). Calculate the greatest common factor of s and 246.
6
Suppose -4*o = 3*u - 171, 4*o - 20*u + 24*u = 168. Let a = 11 + -6. Let k = a - -310. What is the highest common factor of o and k?
45
Let d(i) = 9*i - 19. Let m(t) = t**2 - 14*t - 9. Suppose 45 = -24*o + 27*o. Let c be m(o). Let v be d(c). What is the highest common factor of 7 and v?
7
Let k = 17005 + -16701. What is the greatest common divisor of 2375 and k?
19
Let g(z) = -313*z - 679. Let j be g(-3). Calculate the highest common factor of 44980 and j.
260
Suppose -8*i = 19*i - 108. Let r be (-708)/(-8) + 6/i. Calculate the highest common divisor of 210 and r.
30
Suppose 0 = -2*w - 5*f + 551, -59*f + 57*f = 10. Calculate the greatest common divisor of 27 and w.
9
Suppose 3011*x = 3018*x - 2695. What is the highest common divisor of 40 and x?
5
Let h(t) = t**3 + 69*t**2 + 216*t - 123. Let z be h(-64). Calculate the greatest co